{"version":"1.0","provider_name":"Barranquilla Free Trade Zone","provider_url":"https:\/\/zonafrancabarranquilla.com\/en","author_name":"bmoreno","author_url":"https:\/\/zonafrancabarranquilla.com\/en\/author\/bmoreno\/","title":"Mensaje del Presidente - Zona Franca de Barranquilla","type":"rich","width":600,"height":338,"html":"<blockquote class=\"wp-embedded-content\" data-secret=\"4qXf9x5Eyd\"><a href=\"https:\/\/zonafrancabarranquilla.com\/en\/nosotros\/mensaje-del-presidente\/\">Message from the President<\/a><\/blockquote><iframe sandbox=\"allow-scripts\" security=\"restricted\" src=\"https:\/\/zonafrancabarranquilla.com\/en\/nosotros\/mensaje-del-presidente\/embed\/#?secret=4qXf9x5Eyd\" width=\"600\" height=\"338\" title=\"&#8220;Mensaje del Presidente&#8221; &#8212; Zona Franca de Barranquilla\" data-secret=\"4qXf9x5Eyd\" frameborder=\"0\" marginwidth=\"0\" marginheight=\"0\" scrolling=\"no\" class=\"wp-embedded-content\"><\/iframe><script>\n\/*! This file is auto-generated *\/\n!function(d,l){\"use strict\";l.querySelector&&d.addEventListener&&\"undefined\"!=typeof URL&&(d.wp=d.wp||{},d.wp.receiveEmbedMessage||(d.wp.receiveEmbedMessage=function(e){var t=e.data;if((t||t.secret||t.message||t.value)&&!\/[^a-zA-Z0-9]\/.test(t.secret)){for(var s,r,n,a=l.querySelectorAll('iframe[data-secret=\"'+t.secret+'\"]'),o=l.querySelectorAll('blockquote[data-secret=\"'+t.secret+'\"]'),c=new RegExp(\"^https?:$\",\"i\"),i=0;i<o.length;i++)o[i].style.display=\"none\";for(i=0;i<a.length;i++)s=a[i],e.source===s.contentWindow&&(s.removeAttribute(\"style\"),\"height\"===t.message?(1e3<(r=parseInt(t.value,10))?r=1e3:~~r<200&&(r=200),s.height=r):\"link\"===t.message&&(r=new URL(s.getAttribute(\"src\")),n=new URL(t.value),c.test(n.protocol))&&n.host===r.host&&l.activeElement===s&&(d.top.location.href=t.value))}},d.addEventListener(\"message\",d.wp.receiveEmbedMessage,!1),l.addEventListener(\"DOMContentLoaded\",function(){for(var e,t,s=l.querySelectorAll(\"iframe.wp-embedded-content\"),r=0;r<s.length;r++)(t=(e=s[r]).getAttribute(\"data-secret\"))||(t=Math.random().toString(36).substring(2,12),e.src+=\"#?secret=\"+t,e.setAttribute(\"data-secret\",t)),e.contentWindow.postMessage({message:\"ready\",secret:t},\"*\")},!1)))}(window,document);\n\/\/# sourceURL=https:\/\/zonafrancabarranquilla.com\/wp-includes\/js\/wp-embed.min.js\n<\/script>","description":"mensaje del Presidente C\u00e9sar Caro Castellar TRANSICI\u00d3N Y PROGRESO Nuestro ADN organizacional nos impulsa a abordar los retos con creatividad, innovaci\u00f3n y optimismo. El mayor desaf\u00edo que nos trae este 2025 consiste en lograr la pr\u00f3rroga del t\u00e9rmino de la declaratoria de Zona Franca de Barranquilla tal como la conseguimos para Zofia, donde tenemos 30 ... Read more","thumbnail_url":"https:\/\/zonafrancabarranquilla.com\/wp-content\/uploads\/2021\/03\/sep-1-8.png","thumbnail_width":511,"thumbnail_height":5}

mensaje del Presidente César Caro Castellar TRANSICIÓN Y PROGRESO Nuestro ADN organizacional nos impulsa a abordar los retos con creatividad, innovación y optimismo. El mayor desafío que nos trae este 2025 consiste en lograr la prórroga del término de la declaratoria de Zona Franca de Barranquilla tal como la conseguimos para Zofia, donde tenemos 30 ... Read more
